the prime factors of r(8)?
2, 5
Let b(t) be the first derivative of t**4/4 - 3*t**3 + 7*t**2/2 - 11*t - 3. Let y be b(9). Let q = 142 - y. List the prime factors of q.
2, 3, 5
Suppose 2*q = -5*n + 36596, -5*n + 26364 + 10246 = -5*q. List the prime factors of n.
2, 3, 5, 61
Let j = -29 - -34. Let o(w) = 100*w - 22. List the prime factors of o(j).
2, 239
Suppose y - 39 = -12*y. Suppose 3*j - 217 = 2*u - 2012, -y*u + 2650 = 4*j. What are the prime factors of u?
2, 5, 89
Suppose -5*n + v = -2*v + 3, -2*v = -3*n - 2. Suppose -i - i - 12 = n. List the prime factors of 1 - 2 - 612/i.
101
Suppose 2*a + 0*a + 72 = -2*s, 0 = 3*a - 3. Suppose 0 = -4*c - 8, -5*c = -d - d - 120. Let q = s - d. List the prime factors of q.
2, 7
List the prime factors of 10/(-2)*(-22764)/70.
2, 3, 271
Let m(w) be the second derivative of 5*w**4/12 + 33*w**2 + w - 13. What are the prime factors of m(-8)?
2, 193
Suppose 12*l = -5*g + 11*l + 13409, -2*g + 4*l + 5346 = 0. List the prime factors of g.
7, 383
Suppose -18*f + 12*f + 562707 = 21*f. What are the prime factors of f?
3, 6947
Let y be -3 + 6 + -857 + -3. Let a = y - -1421. What are the prime factors of a?
2, 3, 47
Suppose 0 = 2*j + 7*l - 9*l + 4, l = 5*j + 2. Suppose -2*g + 4 = k - 2, k - 2 = 0. Suppose j = -g*r + 65 + 75. List the prime factors of r.
2, 5, 7
What are the prime factors of (-18 + (-2325)/(-125))/((-1)/(-13370)*2)?
3, 7, 191
Let q = 41275 + -815. List the prime factors of q.
2, 5, 7, 17
List the prime factors of 6*(0 - (4 - 894)).
2, 3, 5, 89
Let u(n) be the first derivative of 19*n**3 + 4*n - 76. What are the prime factors of u(2)?
2, 29
Suppose -2*x + 5*i + 2453 = 0, -350*x - 5*i = -354*x + 4891. List the prime factors of x.
23, 53
Let r(a) = a**3 + 14*a**2 - 4*a - 4. Let d be 63/(-14)*8/(-6). Let c be (-15)/(1 - d) - 17. What are the prime factors of r(c)?
2, 13
Suppose 47*v = 62*v. Suppose v = 4*w + 2*x - 5994, 7*x + 6000 = 4*w + 11*x. What are the prime factors of w?
3, 499
Suppose 0 = 2*f - 14*f + 13200. Suppose 3*t = -12*m + 10*m + f, -5*m = 2*t - 2761. What are the prime factors of m?
7, 79
Suppose -u + 4*y - 2 = 2*y, 0 = 5*u - 2*y - 6. Suppose a - 9 = -2*a. Suppose -2*d = a*l + 3*d - 404, 0 = u*l - 4*d - 284. List the prime factors of l.
2, 3, 23
Suppose -3*k - 3*n = -213, 3*k - 5*n = 168 + 37. Suppose -5*i + 460 = 4*l - k, -i - 2*l + 106 = 0. Suppose i = 6*q - 314. What are the prime factors of q?
2, 5, 7
Let n = 67 + -292. List the prime factors of 8951/9 - 100/n.
5, 199
Let u(v) = -v - 10. Let f be u(-13). Suppose -f*c = 19*c - 4378. What are the prime factors of c?
199
List the prime factors of (-3486)/(-63)*((-4)/18 - (-2222)/36).
41, 83
Suppose -2*c + 11 = -z, z + 21 = 5*c + 5*z. Suppose 3*p + 486 - 47 = 2*a, -2*a = -c*p - 445. What are the prime factors of a?
5, 43
Let k = -13 - -33. Suppose k*w = 22*w - 140. Suppose h - 156 = -w. List the prime factors of h.
2, 43
Let l(s) = -s**3 - 85*s**2 + 62*s + 2662. What are the prime factors of l(-88)?
2, 11, 929
List the prime factors of -16 - (255/17 - 8568).
8537
Suppose 44 = i + 41. Suppose 12*k + 4*w = 8*k + 1544, 3*w = -i. List the prime factors of k.
3, 43
Let a = -207 - -827. Let g = 1296 - a. List the prime factors of g.
2, 13
Let q(l) = 19*l + 54. Let i be q(7). Suppose 193*m - i*m = 2748. List the prime factors of m.
2, 229
Let u(l) be the second derivative of 56*l**3/3 + 3*l**2 + 3*l + 37. What are the prime factors of u(5)?
2, 283
Let i be (1*3)/(-7*(-6)/(-112)). List the prime factors of (50/i)/(21/(-672)).
2, 5
Suppose -2*f + 786 = 2*b, -5*b - 10 = -0. Suppose 0 = -5*z + f + 590. What are the prime factors of z?
197
Let b = -260 + 277. Suppose -2690 = b*j - 19*j. What are the prime factors of j?
5, 269
Let i = -301 - -301. Suppose 47*o - 59*o + 11496 = i. List the prime factors of o.
2, 479
Suppose 105*z + 3*j = 106*z - 23294, 69838 = 3*z + 2*j. List the prime factors of z.
2, 7, 1663
Let s(o) = -3*o**3 - 51*o**2 + 24*o - 179. List the prime factors of s(-24).
11, 1031
Suppose -4*h = -3*h - 4. Suppose h = -2*r - o - 3*o, 1 = -r - o. Suppose 2*a + r*a = 2*z - 146, -2*a = -5*z + 377. What are the prime factors of z?
7, 11
Let y be 2328/(-36)*18/(-3). Suppose -y + 98 = -4*n + 3*w, -3*n - 5*w = -203. What are the prime factors of n?
71
Suppose -2*a - 2 = -3*m, 2*m - 1 + 18 = 5*a. Suppose -3*v = 9, m*v - 107 = -3*u + 1459. List the prime factors of u.
2, 263
Let k be 0/(-7) - (-142278)/(3/1). What are the prime factors of (-4)/6 + k/138?
7
Let c = 109 - 112. What are the prime factors of (c/6)/((-13)/18876)?
2, 3, 11
Suppose 2*k = k. Suppose -8*a + 6*a = k. Suppose 7*x - 54 - 177 = a. What are the prime factors of x?
3, 11
Let j be (-7 - -1)/(4/(-52)). What are the prime factors of (-18)/(30/5) + j?
3, 5
Let w = -85344 + 139201. What are the prime factors of w?
53857
Suppose l + 2*o = 1343, -5*o + 38 - 8 = 0. List the prime factors of l.
11
Let v(b) be the second derivative of 2*b**4 - 3*b**3/2 + 19*b**2/2 + 155*b. List the prime factors of v(-5).
2, 83
Suppose -369*m = -373*m + 20. What are the prime factors of m/5 + (9 - -721)?
17, 43
Let z = -451 - -469. Suppose 5*n = 2*y + 3323, -17*n - 4*y - 679 = -z*n. List the prime factors of n.
3, 13, 17
Let c(s) = -s**3 - 2*s**2 + 4*s - 3. Let w be c(-3). Let z(t) = t**3 + 10*t**2 + 15*t + 8. Let x be z(w). Let n = 13 + x. What are the prime factors of n?
3, 5
Let r(v) = -589*v - 1494. List the prime factors of r(-12).
2, 3, 929
Let m(d) be the second derivative of -70*d**3/3 + 3*d**2/2 - 46*d. What are the prime factors of m(-4)?
563
Let k be (1 - -17117) + 6*4/12. What are the prime factors of ((-6)/5)/(8/(k/(-6)))?
2, 107
Let j = -575 - -468. Suppose 0 = -7*g + 2*g - 785. Let b = j - g. List the prime factors of b.
2, 5
Suppose -227*r + 305*r - 4172844 = 0. List the prime factors of r.
2, 23, 1163
Let a be (-30)/(-20)*4/(-3) + 4. Suppose -3*q + 115 = t, -a*q + 85 = -t - 0*t. Suppose -4*p + 0*p = -q. What are the prime factors of p?
2, 5
Suppose -11*o + 8*o = 12, 0 = -3*f + 3*o + 231. Let v(m) = m**3 + 3*m**2 - 3. Let y be v(-3). Let r = f + y. What are the prime factors of r?
2, 5, 7
Let p(g) = -g**3 - 10*g**2 - 11*g - 6. Let i(b) = -b**2 + 0*b**2 + 49 + 3*b + b. Let h be i(-6). What are the prime factors of p(h)?
2, 59
Let l(p) = 172*p**2 - 63*p - 375. List the prime factors of l(11).
2, 617
Let d = 21 - 67. Let q = d - -129. Suppose -4*y + 2*r = -169 - q, 0 = 4*r - 16. List the prime factors of y.
5, 13
Let k(u) = -u**3 - 5*u**2 + 5*u + 12. Let t be k(-5). Let a(h) = -80*h + 30. List the prime factors of a(t).
2, 5, 107
Suppose 14907 = z + 3*p - 18597, -4*z + 4*p = -133904. What are the prime factors of z?
3, 11161
Suppose 214 = -8*l - 26. What are the prime factors of l/345 - (-14264)/46?
2, 5, 31
Let k = -235 + 141. Let b = k + 226. Let c = b - 64. List the prime factors of c.
2, 17
Let o be -3 - 10*6/(-12). What are the prime factors of o/(2 + 2)*(-10304)/(-32)?
7, 23
Let o = -322 + 579. Suppose 5*k = -2*n + o, -3*n + 350 = -k - 61. List the prime factors of n.
2, 17
Let s = -1753 + 23011. List the prime factors of s.
2, 3, 1181
Let s be (9/(-36))/(1/(-4)) - -3. Suppose 3*b - 1674 = 5*q, -73*b + 2240 = -69*b - s*q. What are the prime factors of b?
563
Suppose 10*o - 9 - 21 = 0. Suppose o*z = -5*n - 30, -5*z + 2*n - 7 = 12. Let t(f) = 4*f**2 - 7*f - 6. List the prime factors of t(z).
3, 43
Let k(c) = 1154*c**2 - 174*c + 1001. What are the prime factors of k(6)?
47, 883
Let w(t) = 2*t**2 - 9*t - 3. Suppose 2 = -61*d + 62*d. Let z(n) = -n**3 + 4*n**2 - 3*n + 5. Let a be z(d). What are the prime factors of w(a)?
2
Let a = -16925 - -35640. List the prime factors of a.
5, 19, 197
Let b(s) = 9*s**3 + 2*s**2 - s - 2. Let h be b(-1). Let t be 4 - 5/((-10)/h). Suppose 12*u + 93 - 873 = t. List the prime factors of u.
5, 13
Let q(h) be the third derivative of -7*h**4/24 + 21*h**3/2 - 9*h**2. Suppose -46 = 2*f + 2*c, -3*f - c = -47 + 106. List the prime factors of q(f).
3, 7
Suppose 3*h = s + 57961, 319*s - 96603 = -5*h + 320*s. List the prime factors of h.
139
Let a = 7895 + 14688. What are the prime factors of a?
11, 2053
What are the prime factors of (-15 + 15)/(-25) - (-4119 - 1)?
2, 5, 103
Suppose -82*p = 104*p - 29*p - 2564124. List the prime factors of p.
2, 3, 1361
Suppose -3*k + 35 = 5